 3013.
131
Calculate the greatest common divisor of 303 and 303.
303
Calculate the highest common divisor of 783 and 81.
27
Calculate the greatest common factor of 12 and 30.
6
Calculate the greatest common factor of 156 and 234.
78
What is the highest common factor of 474 and 69?
3
What is the greatest common factor of 25 and 350?
25
Calculate the greatest common divisor of 3464 and 8.
8
What is the highest common factor of 2332 and 154?
22
What is the greatest common factor of 118 and 236?
118
What is the highest common factor of 49 and 63?
7
What is the greatest common divisor of 34 and 34?
34
Calculate the greatest common factor of 3721 and 61.
61
Calculate the highest common divisor of 2 and 460.
2
What is the greatest common divisor of 14 and 14?
14
Calculate the highest common divisor of 574 and 28.
14
Calculate the highest common divisor of 305 and 10.
5
What is the highest common factor of 80 and 208?
16
What is the highest common divisor of 60 and 1248?
12
Calculate the highest common divisor of 957 and 55.
11
Calculate the greatest common factor of 75 and 57.
3
What is the greatest common factor of 14 and 1442?
14
Calculate the greatest common factor of 8 and 5.
1
Calculate the greatest common divisor of 425 and 68.
17
What is the greatest common divisor of 11 and 132?
11
Calculate the highest common divisor of 10 and 10.
10
Calculate the highest common divisor of 8 and 4.
4
Calculate the highest common divisor of 228 and 60.
12
Calculate the highest common divisor of 15 and 23490.
15
What is the greatest common divisor of 3510 and 180?
90
What is the greatest common factor of 4788 and 1008?
252
Calculate the highest common factor of 147 and 2891.
49
Calculate the greatest common divisor of 1173 and 897.
69
What is the highest common factor of 273 and 390?
39
What is the highest common divisor of 904 and 40?
8
Calculate the greatest common divisor of 19 and 209.
19
Calculate the greatest common divisor of 214 and 2033.
107
What is the highest common factor of 3861 and 143?
143
Calculate the highest common divisor of 1664 and 160.
32
What is the greatest common divisor of 1089 and 198?
99
What is the greatest common divisor of 256 and 288?
32
What is the greatest common divisor of 35189 and 77?
77
What is the greatest common factor of 6 and 394?
2
Calculate the highest common factor of 423 and 9.
9
What is the greatest common factor of 3 and 633?
3
Calculate the highest common divisor of 31 and 1147.
31
Calculate the highest common factor of 20 and 16420.
20
What is the greatest common divisor of 8 and 2880?
8
Calculate the greatest common divisor of 81 and 3.
3
What is the highest common factor of 5 and 930?
5
What is the greatest common divisor of 34 and 15538?
34
What is the highest common divisor of 288 and 768?
96
Calculate the highest common factor of 23 and 1081.
23
Calculate the greatest common factor of 2554 and 4.
2
What is the highest common divisor of 7 and 27293?
7
What is the highest common divisor of 60 and 6315?
15
What is the highest common divisor of 55 and 198?
11
Calculate the greatest common factor of 57 and 27.
3
Calculate the highest common factor of 559 and 43.
43
What is the highest common factor of 21 and 63?
21
Calculate the greatest common factor of 140 and 20.
20
What is the highest common factor of 285 and 45?
15
What is the greatest common factor of 229 and 3893?
229
Calculate the greatest common divisor of 4607 and 1355.
271
What is the highest common factor of 28830 and 45?
15
What is the greatest common factor of 1240 and 1840?
40
What is the greatest common factor of 130 and 3210?
10
What is the highest common factor of 128 and 1088?
64
Calculate the greatest common factor of 306 and 9231.
51
Calculate the highest common factor of 32 and 368.
16
What is the greatest common factor of 442 and 221?
221
Calculate the highest common divisor of 21800 and 200.
200
Calculate the greatest common divisor of 264 and 11.
11
What is the greatest common divisor of 10413 and 3?
3
Calculate the greatest common factor of 1325 and 106.
53
Calculate the greatest common factor of 20 and 824.
4
What is the highest common divisor of 312 and 390?
78
Calculate the greatest common divisor of 742 and 182.
14
What is the highest common divisor of 1016 and 2413?
127
What is the highest common factor of 869 and 11?
11
Calculate the greatest common divisor of 1 and 10.
1
Calculate the highest common factor of 978 and 2282.
326
Calculate the highest common factor of 15 and 415.
5
What is the highest common factor of 16 and 16?
16
What is the greatest common factor of 49 and 763?
7
What is the greatest common factor of 132 and 13356?
12
What is the highest common divisor of 1168 and 16?
16
What is the highest common factor of 420 and 966?
42
What is the highest common divisor of 25454 and 13?
13
Calculate the highest common divisor of 33 and 2343.
33
What is the highest common divisor of 1421 and 928?
29
Calculate the greatest common factor of 306 and 816.
102
What is the highest common divisor of 88 and 32?
8
What is the greatest common divisor of 288 and 5796?
36
What is the highest common factor of 280 and 3290?
70
What is the highest common factor of 15207 and 111?
111
What is the highest common divisor of 1701 and 21?
21
Calculate the highest common factor of 450 and 90.
90
Calculate the greatest common divisor of 1001 and 385.
77
What is the highest common divisor of 251 and 25853?
251
What is the greatest common factor of 66 and 186?
6
What is the highest common factor of 20 and 300?
20
Calculate the highest common divisor of 18 and 396.
18
Calculate the highest common divisor of 88 and 8.
8
What is the greatest common factor of 18 and 18378?
18
What is the greatest common factor of 44 and 1309?
11
What is the highest common factor of 101 and 1313?
101
Calculate the greatest common divisor of 790 and 10.
10
Calculate the greatest common factor of 351 and 429.
39
What is the greatest common factor of 44 and 22?
22
What is the highest common factor of 429 and 132?
33
What is the highest common factor of 676 and 1924?
52
Calculate the highest common divisor of 172 and 731.
43
What is the highest common factor of 3204 and 108?
36
Calculate the highest common divisor of 376 and 24.
8
Calculate the highest common divisor of 6136 and 104.
104
Calculate the highest common factor of 665 and 4389.
133
Calculate the highest common divisor of 60 and 2148.
12
Calculate the highest common divisor of 120 and 1500.
60
What is the highest common divisor of 62 and 2?
2
Calculate the greatest common divisor of 145 and 65.
5
What is the highest common factor of 36 and 531?
9
Calculate the highest common divisor of 26 and 6240.
26
What is the greatest common factor of 188 and 12?
4
What is the highest common divisor of 80 and 360?
40
Calculate the greatest common divisor of 88 and 352.
88
Calculate the greatest common factor of 1648 and 32.
16
Calculate the highest common factor of 393 and 3013.
131
What is the greatest common divisor of 2 and 49?
1
What is the greatest common divisor of 287 and 164?
41
What is the greatest common factor of 6194 and 76?
38
What is the greatest common divisor of 2492 and 28?
28
What is the greatest common divisor of 9 and 333?
9
What is the greatest common divisor of 672 and 24528?
336
Calculate the greatest common factor of 16 and 684.
4
What is the highest common divisor of 2263 and 62?
31
Calculate the highest common factor of 3503 and 31.
31
What is the greatest common factor of 12 and 168?
12
What is the highest common factor of 114 and 38?
38
What is the highest common divisor of 7 and 553?
7
What is the highest common divisor of 490 and 4214?
98
What is the highest common divisor of 9045 and 72?
9
Calculate the greatest common factor of 24 and 156.
12
What is the greatest common factor of 29 and 5858?
29
What is the highest common divisor of 4224 and 198?
66
What is the greatest common factor of 510 and 60?
30
What is the greatest common divisor of 511 and 584?
73
Calculate the greatest common factor of 187 and 33.
11
What is the highest common divisor of 1272 and 477?
159
Calculate the highest common divisor of 2365 and 2580.
215
Calculate the highest common factor of 1664 and 104.
104
Calculate the